*2 - y + 2. What is the remainder when 124 is divided by o(4)?
12
Suppose 199 + 96 + 57 = 44*x. Let i = 1 - -1. Calculate the remainder when x is divided by 1/i + 15/6.
2
Let x(t) = -t**2 + 53*t + 9. Let s(m) = m**3 + 6*m**2 + 3*m - 3. Calculate the remainder when x(53) is divided by s(-5).
2
Let x = 26 + -20. Suppose -4 = -7*f + x*f. Calculate the remainder when f is divided by 2.
0
Let k(a) = 2*a**2 - 14*a + 43. Calculate the remainder when k(5) is divided by 6.
5
Let z(c) be the second derivative of -6*c - 1/12*c**4 + 21/2*c**2 - 1/6*c**3 + 0. What is the remainder when 39 is divided by z(0)?
18
Suppose 5*c + 0*c - 95 = 0. Let w = c + -15. Calculate the remainder when 46 is divided by w/10*240/8.
10
Let g be 1 + -2 + 0 - 336/(-3). Let w = g + -61. What is the remainder when w is divided by 18?
14
Let j = -35 - -49. Let u = 627 - 589. Calculate the remainder when u is divided by j.
10
Let a = -9 - 11. Calculate the remainder when (1 + 12)/((-5)/a) is divided by 14.
10
Let o = 32 + -30. Suppose 5*y - 151 = -o*u + 718, y = -3*u + 179. Calculate the remainder when y is divided by 35.
33
Let a(c) = c - 18. Let b be a(10). Calculate the remainder when 22 is divided by (-5)/((-20)/18)*b/(-3).
10
Let f(l) = l**3 + 5*l**2 - 8*l + 5. Let d be f(-6). Let z = d + 0. What is the remainder when 47 is divided by z?
13
Calculate the remainder when 323 is divided by (-1)/(-6 - (393/(-36) + 5)).
11
Suppose -12*p + 16*p + 32 = 0. Let m(w) = -w**2 - 21*w - 9. Calculate the remainder when m(p) is divided by 16.
15
Let v be (2 - (-4 + 0))/(-1). Let n(z) = 0*z**3 + 28*z**2 + z - 20*z**2 + z**3. Calculate the remainder when n(v) is divided by 17.
15
Suppose -6*u + 189 = -27. Calculate the remainder when 116 is divided by u.
8
Let h = 25 - 92. Let w = h + 83. What is the remainder when w is divided by 6?
4
Let s(a) = a**3 - 2*a**2 - 13*a + 25. What is the remainder when 36 is divided by s(4)?
1
Suppose -5*o = -2*y + 6*y - 101, -2*y + 3*o = -23. Suppose 21*q = y*q + 142. Calculate the remainder when q is divided by 20.
11
Let p = 323 - 230. Let j = -285 + 227. Let b = p + j. Calculate the remainder when b is divided by 13.
9
Let g = 49 - 48. Suppose -2*f - 5*s - 4 = -g, -3*f = 4*s - 6. What is the remainder when 29 is divided by f?
5
Let r be (-1)/(-1 - -2) - (-18)/6. Let j(v) = 3*v - 1. Calculate the remainder when j(r) is divided by 2.
1
Suppose -4*z + 5*z - 8 = 0. Let p(o) = -2 + 6 + 2*o**2 + 0 + 3*o. Calculate the remainder when p(-3) is divided by z.
5
Let p(c) = -8*c - 8*c + 2*c**2 - 1 + 5*c + 10. Let b be p(7). Suppose -5*j + b = 2*a - 84, -2*j = -2*a - 54. Calculate the remainder when j is divided by 9.
6
Let f = -7 + 10. Suppose -54 = -d + 3*q, -f*d = 5*q - 122 + 2. What is the remainder when d is divided by 17?
11
Let p(y) = 2*y**2 - 6*y + 10. What is the remainder when 34 is divided by p(2)?
4
Let d(i) = -i**2 - 8*i - 8. Calculate the remainder when 117 is divided by d(-4).
5
Suppose -57*a + 8301 + 5835 = 0. What is the remainder when a is divided by 5?
3
Suppose -2*s + 206 = 2*s + 2*c, -5*c = -15. Suppose -10*r + 1847 = -143. Calculate the remainder when r is divided by s.
49
Let s be 12 + -10 + (0 - -1) + -1. Suppose 3*r = 0, -s*r + 20 + 10 = 2*v. Let d = 87 - 60. Calculate the remainder when d is divided by v.
12
Let s be 8*(-3)/(-6)*1. Suppose 0 = -s*b + 5*a + 88, -b + 3*a + 18 = 3. Suppose 10*j - 600 - 200 = 0. Calculate the remainder when j is divided by b.
26
Let o = -529 - -538. Calculate the remainder when 61 is divided by o.
7
Suppose 380*d - 22 = 379*d. What is the remainder when d is divided by 6?
4
Let x(z) = -1349*z - 12135. Let o = -2 - -5. What is the remainder when x(-9) is divided by o?
0
Suppose -3 - 1 = -2*l. Suppose 0 = m - 4*t - 27, 0 = l*m - 2*t - 2*t - 74. Calculate the remainder when m is divided by 25.
22
Suppose -2*j + 5 = -t + 4, t + 7 = 4*j. Suppose 32*b + 165 = 27*b. Calculate the remainder when t is divided by 1*-4*b/44.
2
Suppose g = 5*a - 4*a + 1, 0 = 5*a + 4*g - 22. Suppose 0*s + a*s = 22. What is the remainder when (-1 - 24)*20/(-25) is divided by s?
9
Calculate the remainder when 570 is divided by (-8)/12 + ((-3216)/(-18))/4.
42
Suppose 10558*o - 24 = 10552*o. Calculate the remainder when 225 is divided by o.
1
Calculate the remainder when (-8)/(-14) + (-21340)/(-385) is divided by 27.
2
Suppose -731 - 295 = -27*h. Calculate the remainder when h is divided by 6.
2
Let r(z) = 23*z**2 - 2*z - 2. Let a be 44/(-10) - (2 - (-72)/(-30)). Let y(c) = -15*c - 28. What is the remainder when r(-2) is divided by y(a)?
30
Suppose 7*x - 114 = x. What is the remainder when x is divided by 4?
3
Let p = -1084 + 1588. Suppose 4*o - 124 = p. Suppose -5*c + 18 = -o. Calculate the remainder when c is divided by 19.
16
Suppose -9*l + 2034 + 297 = 0. What is the remainder when l is divided by 29?
27
Let u = -44 + 68. Suppose -4*n + 36 = 2*i, -96 = -4*i + 2*n - u. Suppose 0 = -2*d - w + i, -d - 8 = -4*w + 1. What is the remainder when 46 is divided by d?
4
Let s(t) = -t**3 + 6*t**2 - 3*t - 4. Let m(w) = w**3 - 3*w + 1. Let p be m(2). What is the remainder when s(p) is divided by 5?
4
Suppose 0 = 2*n - 6 + 2. Suppose -4*m = -3*c - 131, n*m - 73 = -0*c - c. Let v = m + -18. What is the remainder when 65 is divided by v?
14
Suppose 0*w + w - 5*f = 30, 2*w - 4*f = 36. Let v = w + -10. Suppose d - 4 = -v*d. What is the remainder when 15 is divided by d?
3
Let p = -51 - -87. Suppose 0*k - 2*k + p = 0. What is the remainder when 71 is divided by k?
17
Let s = 829 - 822. What is the remainder when 39 is divided by s?
4
What is the remainder when 131 is divided by (-12 - -1)/(55/10 + -6)?
21
What is the remainder when 57/(((-22)/55)/((-2)/3)) is divided by 51?
44
Let n(a) = a**3 - 4*a**2 + 28*a + 1. What is the remainder when 443 is divided by n(4)?
104
Suppose -265 = -4*y + 403. Calculate the remainder when y is divided by 43.
38
Let p = -1628 - -1653. Let q(d) = 5*d**3 + d**2 + 2*d - 3. Let n be q(2). Calculate the remainder when 1 + n + (-2)/(-2) is divided by p.
22
Suppose -5*l + 444 = 2*a, -4*l = -l - 5*a - 254. What is the remainder when l is divided by 50?
38
Let p(d) = 71*d - 1110. What is the remainder when p(19) is divided by 10?
9
Let k(u) = u**2 + u + 10. Let i be (-5 + 2 - -1) + -2. Calculate the remainder when k(i) is divided by 6.
4
Let y(p) = -14*p + 4. Let d be y(5). What is the remainder when 5 - (-4 + (-10)/2) is divided by (-252)/d + 4/22?
2
Let n be (12/(-18))/(2/(-9)). Suppose 0 = n*x + x - 140. Let h = 54 - x. What is the remainder when h is divided by 7?
5
Suppose 103 = s - 5*w, -67 = -5*s + 4*s - 4*w. What is the remainder when 329 is divided by s?
80
Let d(b) = b + 2. Calculate the remainder when d(12) is divided by 5.
4
Suppose 5*s = s - 256. What is the remainder when 2 is divided by (-6)/21 - s/28?
0
Suppose 4076*a + 52 = 4080*a. Calculate the remainder when 108 is divided by a.
4
Let o = -1 - -41. Let s(u) = -u**3 - 7*u**2 + 7*u + 13. Let z be 3 + 2 + -9 - 4. What is the remainder when o is divided by s(z)?
19
Let o = 18 + -14. Suppose -5*p + 5*l + 4 = 34, o*p + 20 = 3*l. What is the remainder when 39 is divided by 4/p*28/(-4)?
11
Let a = -783 - -806. What is the remainder when 137 is divided by a?
22
Let l(g) be the second derivative of -g**4/12 - 7*g**3/6 + 15*g**2/2 + 4*g. Calculate the remainder when 25 is divided by l(-8).
4
Let d = -32 - -44. What is the remainder when 90 is divided by d?
6
Let j(a) = 86*a**2 - 52*a + 51. Suppose r = 5*r - 88. What is the remainder when j(1) is divided by r?
19
Suppose 3*p - 5*p + 14 = 0. Suppose -p*k + 5*k + 78 = 0. Let g = 8 - -6. What is the remainder when k is divided by g?
11
Suppose 4*g + 1 = -231. What is the remainder when 56 is divided by g/(4*(-5)/10)?
27
Let k = -86 + 135. What is the remainder when 62 is divided by k?
13
Let g(h) = -h - 1 + 1 - 4*h + 5. Suppose -3*v - 1 = l, 5*l - 2*v = 54 + 9. Calculate the remainder when g(-7) is divided by l.
7
Let b(v) = 2*v**2 - 2*v + 3. Let g be -2 - (-7 - -1)*1. Calculate the remainder when b(6) is divided by 1*(4*16)/g.
15
Suppose -3*f + 11 + 5 = -2*g, -3*f - 14 = 4*g. Suppose -m = -2*o - 18, -f*o = 4*m + 2*o - 36. What is the remainder when 23 is divided by m?
11
Let q = 34 + -25. Suppose -q*n + 567 = 27. Calculate the remai